n base 8, what is 13 + 21?
34
In base 10, what is -4 + 5?
1
In base 10, what is 18 + 266?
284
In base 14, what is a0b + -6?
a05
In base 7, what is -100 - 2?
-102
In base 6, what is 40 - -120?
200
In base 6, what is 2 + -124?
-122
In base 9, what is 550 - -3?
553
In base 10, what is 5042 - 1?
5041
In base 3, what is -11 + 211?
200
In base 14, what is 6 - -1ba?
1c2
In base 7, what is 34 - -451?
515
In base 15, what is 2 - 93?
-91
In base 6, what is 1 + 44?
45
In base 15, what is -7 + -27?
-2e
In base 12, what is -50 + 5?
-47
In base 6, what is -4 + 101?
53
In base 10, what is 5546 + -3?
5543
In base 6, what is -4 + -2?
-10
In base 9, what is -147 - 16?
-164
In base 10, what is 10 - -267?
277
In base 3, what is 11 - 10200?
-10112
In base 13, what is -5 + -24?
-29
In base 13, what is -94 + -11?
-a5
In base 9, what is -6 + 30?
23
In base 6, what is -1 + 1324?
1323
In base 9, what is 3 - 250?
-246
In base 3, what is 1112 - -1011?
2200
In base 2, what is 11 + 1011111?
1100010
In base 7, what is -231 + 30?
-201
In base 4, what is -232223 - 3?
-232232
In base 10, what is 4 + -5?
-1
In base 13, what is 4 + 323?
327
In base 2, what is 100001101 + 111?
100010100
In base 3, what is 1002001021 + 1?
1002001022
In base 4, what is 112 + 20?
132
In base 14, what is 9 - -119c?
11a7
In base 7, what is -444 - -4?
-440
In base 8, what is -12 - 2?
-14
In base 12, what is -2 + 46?
44
In base 11, what is 244 + 5?
249
In base 12, what is 14 - 1?
13
In base 14, what is -56 - 0?
-56
In base 11, what is -363 - -4?
-35a
In base 2, what is -1100101 + 11010?
-1001011
In base 8, what is 0 + -3251?
-3251
In base 6, what is 104 - 5?
55
In base 15, what is -32 + 2e?
-3
In base 12, what is 6a7b + 3?
6a82
In base 12, what is -5b2 + -2?
-5b4
In base 12, what is 48 - 28?
20
In base 13, what is 7 + 34?
3b
In base 5, what is -4 - 1214?
-1223
In base 6, what is 3350 + -4?
3342
In base 4, what is -31 - 211?
-302
In base 4, what is 130 - -21101?
21231
In base 15, what is 0 - 342?
-342
In base 8, what is -71 - -7?
-62
In base 16, what is -1 + -39?
-3a
In base 6, what is 0 - 325?
-325
In base 16, what is -5 + -198?
-19d
In base 13, what is b - 90?
-82
In base 16, what is -2 - -342?
340
In base 5, what is 242224 - -3?
242232
In base 9, what is 2 + -3854?
-3852
In base 7, what is -4 + 50?
43
In base 10, what is 1 - -8?
9
In base 9, what is -45 + 27?
-17
In base 2, what is 100 + -1001100101?
-1001100001
In base 9, what is -26114 - 2?
-26116
In base 8, what is 0 - -40?
40
In base 2, what is 110111 - 110?
110001
In base 12, what is 218 + -2?
216
In base 5, what is -2 + -2141?
-2143
In base 13, what is 3a - 3?
37
In base 7, what is -513 + 5?
-505
In base 12, what is -769 + -1?
-76a
In base 15, what is 76 - d?
68
In base 3, what is -10 + 10120?
10110
In base 15, what is 1 + -a89?
-a88
In base 7, what is 113 - -3?
116
In base 11, what is 1a5 - 1?
1a4
In base 2, what is 11101100 + -1001?
11100011
In base 8, what is -67 - -340?
251
In base 6, what is 42 + 2?
44
In base 13, what is 2 + -1005?
-1003
In base 4, what is 11 + 10?
21
In base 9, what is -5 + -35?
-41
In base 11, what is -95a + 2?
-958
In base 13, what is -b - -5?
-6
In base 6, what is -14131 + 0?
-14131
In base 15, what is 25 - -7?
2c
In base 10, what is 57 + -172?
-115
In base 9, what is -2 + -140?
-142
In base 5, what is 14 - 331?
-312
In base 4, what is 1003033 - 2?
1003031
In base 10, what is -397 + 2?
-395
In base 10, what is -7 - 2?
-9
In base 11, what is -50 + -16?
-66
In base 10, what is 3 - -60?
63
In base 5, what is 243 - 3?
240
In base 3, what is -112 - 202?
-1021
In base 3, what is 10 - 10211?
-10201
In base 5, what is 4 + 1444?
2003
In base 6, what is -205 - -353?
144
In base 8, what is -3 + 7?
4
In base 7, what is -641 + -2?
-643
In base 16, what is 9 - 4?
5
In base 4, what is 10 + -3132?
-3122
In base 8, what is 63 - -2?
65
In base 4, what is 3 + 13?
22
In base 14, what is 93c - -4?
942
In base 10, what is -173 - -1?
-172
In base 11, what is -4 - -3514?
3510
In base 5, what is -1412 - 0?
-1412
In base 15, what is 2 - -67?
69
In base 11, what is -4 + 9aa?
9a6
In base 5, what is -4 - 340?
-344
In base 5, what is -23314 + -1?
-23320
In base 10, what is 21 + -3?
18
In base 11, what is -5 + -125?
-12a
In base 11, what is -8 - -136?
129
In base 12, what is -23 + 1b3?
190
In base 4, what is -1 + 132?
131
In base 11, what is 850 + 4?
854
In base 16, what is -2e - 25?
-53
In base 7, what is -51 - -46?
-2
In base 3, what is 1001220 + 10?
1002000
In base 13, what is 4 + 1287?
128b
In base 15, what is 3e2 - 0?
3e2
In base 15, what is -36 - -8?
-2d
In base 6, what is -14 + -324?
-342
In base 8, what is -1360 - -2?
-1356
In base 8, what is -4533 + 1?
-4532
In base 7, what is 1563 + 3?
1566
In base 14, what is -142 + 2?
-140
In base 10, what is -132 + 1?
-131
In base 11, what is -7 - 6a?
-76
In base 3, what is 12 + -12100?
-12011
In base 16, what is 0 - -b7?
b7
In base 10, what is -103 + -9?
-112
In base 2, what is -1100010011 + 0?
-1100010011
In base 3, what is -210201 - -12?
-210112
In base 3, what is 11 + -20221001?
-20220220
In base 6, what is 54 + 2?
100
In base 16, what is 4 - 2e9?
-2e5
In base 10, what is -49564 + -1?
-49565
In base 14, what is -89 + -4?
-8d
In base 9, what is 24 + 44?
68
In base 2, what is -110 - -1000011111?
1000011001
In base 3, what is 101 - 110212?
-110111
In base 13, what is 23 - 2?
21
In base 2, what is 111101 + 11100?
1011001
In base 16, what is bf + -2f?
90
In base 3, what is 0 + 2120?
2120
In base 9, what is 2306 + 0?
2306
In base 11, what is -1 - -14?
13
In base 9, what is 4 + 170?
174
In base 16, what is 184 - 2?
182
In base 13, what is -3 - 1?
-4
In base 3, what is 11122 - 22?
11100
In base 8, what is -72777 - -3?
-72774
In base 3, what is -10 + -12210?
-12220
In base 3, what is 2101 + 1221?
11022
In base 15, what is -a - -d0?
c5
In base 2, what is -10100 - 111?
-11011
In base 13, what is -2c + -22?
-51
In base 9, what is -10627 - -2?
-10625
In base 6, what is 53 - 10?
43
In base 14, what is c + 2?
10
In base 3, what is -222102101 + -2?
-222102110
In base 7, what is -215 - -21?
-164
In base 9, what is 8 - 1125?
-1116
In base 14, what is 4 - 1878?
-1874
In base 16, what is 164 - -2?
166
In base 13, what is 3 - 2a13?
-2a10
In base 6, what is -515 + 3?
-512
In base 15, what is 4 - -4?
8
In base 11, what is -71 + 1?
-70
In base 14, what is 1d - 9b?
-7c
In base 4, what is -11312 + -11?
-11323
In base 16, what is 7 - -1?
8
In base 4, what is -11233 - 11?
-11310
In base 9, what is -10 - 583?
-603
In base 15, what is 26a + -4?
266
In base 7, what is -221312 - 5?
-221320
In base 4, what is -23 + -10?
-33
In base 12, what is -41 - 6?
-47
In base 5, what is 22031 - 4?
22022
In base 12, what is -7 - 89?
-94
In base 2, what is 1011101 + -11?
1011010
In base 13, what is 75 + -5?
70
In base 7, what is -3 + 101?
65
In base 3, what is -1010011 - -2?
-1010002
In base 10, what is 263 - 2?
261
In base 4, what is -1133 - -13?
-1120
In base 4, what is -3102211 + -2?
-3102213
In base 14, what is 5 + 395?
39a
In base 11, what is 132 + 3?
135
In base 9, what is -12 + -211?
-223
In base 12, what is -1 + 17b?
17a
In base 6, what is -1 + -2210?
-2211
In base 11, what is -8 + a2?
95
In base 12, what is -14 - 4a?
-62
In base 6, what is -3 - 3320?
-3323
In base 8, what is 43 + -1?
42
In base 14, what is -3 - 80?
-83
In base 2, what is -10 + -10011111?
-10100001
In base 12, what is -47 + -9?
-54
In base 11, what is -13 + 4?
-a
In base 5, what is 10242 + 210?
11002
In base 6, what is 33 - -152?
225
In base 11, what is 5 + 15?
1a
In base 8, what is 5 - -320?
325
In base 9, what is 5 + -4467?
-4462
In base 12, what is 207 - -1?
208
In base 7, what is 4 - -262?
266
In base 10, what is -32723 - 1?
-32724
In base 9, what is 1442 + -4?
1437
In base 12, what is 15 + 12?
27
In base 6, what is -12 - -242?
230
In base 12, what is -127 - -1?
-126
In base 4, what is 130023 - 3?
130020
In base 7, what is -11205 - -13?
-11162
In base 16, what is 63f - 3?
63c
In base 4, what is -203312 + 1?
-203311
In base 10, what is 6319 - -3?
6322
In base 11, what is -1399 + 1?
-1398
In base 3, what is 12 - -12211?
20000
In base 12, what is -2 + 20?
1a
In base 7, what is 2553 + 0?
2553
In base 14, what is -3 + -3c5?
-3c8
In base 10, what is -404 + 13?
-391
In